573 = 0. What is the tens digit of ((-3)/(-6))/((-4)/w)?
3
Let h(u) be the second derivative of u**4/12 + u**3/3 + u**2/2 + 2*u. What is the units digit of h(-2)?
1
Let c(d) = -3*d - 7. What is the units digit of c(-9)?
0
Let g = -37 - -101. What is the tens digit of g?
6
Let a = -14 - -37. What is the units digit of a?
3
Let g(c) = -c + 5*c - 10*c + 5*c + 6. What is the units digit of g(5)?
1
Suppose 2*k - 5 - 3 = 0. Suppose -4*t + 5*c + 27 = 0, t + k*c + 0*c = -9. What is the units digit of t?
3
Let k(x) = -x**3 - 6*x**2 + 19*x + 21. What is the units digit of k(-10)?
1
Let c be (-4)/6 + (-209)/(-3). Let y = c + -28. What is the tens digit of y?
4
Suppose 20 = -c + 3*c. What is the units digit of c?
0
Suppose 6*r - 2*r - m = 36, 2*m + 8 = 0. What is the units digit of r?
8
Let s(r) = r + 5. Let p be s(6). Suppose 0 = -3*b - 2*h - 2 + 7, 4*b + 2*h - 6 = 0. Suppose 0*j + b = -c - j, p = -3*c - 5*j. What is the units digit of c?
3
Let x(y) be the third derivative of y**4/3 + 7*y**3/6 + 9*y**2. What is the units digit of x(5)?
7
Let b = 193 - 109. What is the units digit of b?
4
Suppose -4*r = 2*u + 30, -2*u - 30 = 3*r - 3*u. Let w = -4 - r. What is the units digit of w?
5
Suppose -2 = -5*i + q, -5*i = -0*q + 3*q + 6. Let r(b) = -2*b + 2. Let s(c) = -c + 1. Let d(y) = -r(y) + 3*s(y). What is the units digit of d(i)?
1
Let j(i) be the first derivative of 3*i**2/2 + 9*i - 11. What is the tens digit of j(6)?
2
Suppose 8*y - 3*y - 495 = 0. What is the units digit of y?
9
Let y = 7 + 3. What is the tens digit of y?
1
Suppose 6*o = 3*o + 333. What is the tens digit of o?
1
Suppose 9*v - 30 = -5*m + 4*v, 5*v = -2*m + 24. Let j(d) = 4*d + 1. What is the units digit of j(m)?
9
Let a(x) = 4*x. Let q be a(-2). Let d = q + 45. What is the units digit of d?
7
Let w(y) = -y**2 + 6*y + 7. Let s be w(7). Suppose -2*o - k + 5*k - 6 = s, 0 = -5*k - 20. What is the tens digit of (-4 + 2)/(2/o)?
1
Let g = 8 + -6. Let w be 0/(g - 4 - 0). Suppose 5*m - 38 - 37 = w. What is the tens digit of m?
1
Let z = 20 - 4. Let q = 33 - z. What is the tens digit of q?
1
Let s = -3 + 7. Suppose -n - b + 12 = 2*n, n - s*b - 4 = 0. Suppose -4*h + o = 5*o - 56, n*o + 9 = h. What is the units digit of h?
3
Suppose 4*y + 5 = 1. Let c be y*(-2)/(-4)*-24. Suppose -3*r = r - c. What is the units digit of r?
3
Let o(f) = -8*f**2 + 3*f - 5. Let d(r) = 24*r**2 - 9*r + 16. Let j(y) = -2*d(y) - 7*o(y). What is the units digit of j(2)?
9
What is the units digit of (1 + 17)/(-10 - -11)?
8
Let n(w) = 0*w**3 + 2 - 3*w**2 + 6*w + 0*w**3 - w**3. Let b be n(-4). Let l = -1 - b. What is the units digit of l?
5
Let l = -7 + 63. What is the tens digit of l?
5
Let z = 141 - 59. Let u = -54 + z. What is the tens digit of u?
2
Let j(c) = 2*c - 9. What is the units digit of j(6)?
3
Suppose -767 = -5*l + 3*i, 5*l + 4*i - 3*i - 751 = 0. What is the tens digit of l?
5
Suppose 2*a = 5*a + 5*m - 17, -4*m = -3*a + 8. Let p = 10 + -7. Suppose -p*y = -8 - a. What is the units digit of y?
4
Suppose -2*q = -n - 4*q + 8, -26 = -4*n - 2*q. Suppose -4*b + n = -2*b. What is the units digit of b?
3
Suppose 2*z = -z + 183. What is the tens digit of z?
6
Let w be 8 + 3*6/(-9). Let z = 0 + w. Let s(v) = v**2 - 4*v - 4. What is the units digit of s(z)?
8
Let b = 22 + 13. What is the tens digit of b?
3
Let d(h) = -h**3 + 6*h**2 - 6*h + 7. Let v be d(5). Suppose -3*w = 2*y + v*y - 64, -6 = -2*y + 5*w. What is the tens digit of y?
1
Let h(n) be the third derivative of -n**6/120 - n**5/6 + 11*n**4/24 - n**3/2 - n**2. Let i be h(-11). What is the units digit of (-2 - i) + (3 - 2)?
2
Suppose -u = 4*o + 2, -2*o - 2 = 2*u + 2. Let l(n) = -n**2 - 6*n - 1 + 3*n**2 - 3*n**2 + o*n. What is the units digit of l(-5)?
4
Let y be 4 + ((-4)/1 - -3). Suppose 5*i - 48 = y*i. What is the tens digit of i?
2
Let a(f) = 5*f**3 - f**2 - 6*f + 8. What is the units digit of a(3)?
6
Let y = -3 + 5. Suppose s - 20 = 5*s. What is the units digit of y - 4 - s - -1?
4
Let a be -6*1/(-2)*1. Suppose -4 = 2*g - a*g. What is the units digit of 14/g - (-1)/2?
4
Suppose -3*g + 758 = -5*p, -3*g + 4*p + 1008 = g. What is the tens digit of g?
5
Let j be (-122)/(-8) + (-1)/4. Suppose -4*q + 17 + j = 0. What is the units digit of q?
8
Let k(y) = -y**3 - 6*y**2 + y + 7. Let d(a) = a**2 - 9*a + 8. Let w be d(7). What is the units digit of k(w)?
1
Let k = -55 - -111. What is the units digit of k?
6
Let k = -11 + 21. What is the tens digit of k?
1
Let m = -286 + 472. What is the tens digit of m?
8
Suppose l + 13 - 37 = 0. Suppose 0 = -k + 3*k - l. What is the units digit of k?
2
Suppose -5 = -0*d - d. Suppose 7*b + 4*q + 14 = 5*b, 3*q = b - 13. Let m = d + b. What is the units digit of m?
6
Suppose -2*l + 5*l - 105 = 0. Let a = 5 + -5. Suppose a = -i + 6*i - l. What is the units digit of i?
7
Let j(n) = n**2 - n + 2. Let p be j(-2). Suppose 0 = -p*y + 3*y + 10. Suppose -11 = -y*a - 1. What is the units digit of a?
5
Suppose -a = 3*u - 161, -u - 22 = -4*a - 80. Suppose 0 = -4*g + g + u. What is the tens digit of g?
1
Suppose 3*d = -4*a + 48, 4*a - 16 = -2*d + d. What is the tens digit of d?
1
Let t(m) = -2*m - 7. Let h be t(-5). Suppose -7 = -2*f + 21. Suppose 7 = -h*d - d - 3*a, 2*d = 2*a + f. What is the units digit of d?
2
Let x be -6*2*2/(-12). Let c be 1*((x - 2) + 0). Let k(t) = -t**2 - t + 6. What is the units digit of k(c)?
6
Suppose -3*c - 3 = 0, -4*j + 5*c + 197 - 32 = 0. What is the tens digit of (2 - 5 - -3) + j?
4
Let i = 7 + -3. Suppose -i*f - 3 + 43 = 0. What is the units digit of f?
0
Let u(b) = 3*b - 2. What is the units digit of u(9)?
5
Let k(n) = -2*n**3 + 2*n**2 + 5*n + 2. What is the units digit of k(-2)?
6
Suppose 0 = 2*l - 4*c - 252 + 42, 4*l + 2*c - 430 = 0. What is the units digit of l?
7
Let y be -1*(0 - (0 - -2)). Suppose -y - 13 = -3*v. Suppose -v = -f - 3. What is the units digit of f?
2
Let j = 5 - 3. Let i = 10 - j. What is the units digit of i?
8
Let u(i) be the third derivative of -1/12*i**6 + i**2 + 1/6*i**3 + 0 + 0*i + 1/12*i**4 + 1/30*i**5. What is the tens digit of u(-1)?
1
Let w(g) = 10*g - 5. Suppose 0 = 4*u + 3 - 19. What is the units digit of w(u)?
5
What is the units digit of 4 + (-2 - 3) - -2 - -136?
7
Let b = -14 - -16. Suppose -w - b*h + 26 = 0, 2*w + 3*h = -0*w + 57. What is the tens digit of w?
3
Let s(n) be the third derivative of n**5/20 + n**4/24 - 2*n**3/3 + 3*n**2. What is the tens digit of s(3)?
2
Suppose 2*h - 2*q = -2*h - 226, -3*q = -2*h - 123. What is the units digit of (h/45)/((-1)/10)?
2
Let l = -307 + 470. Suppose -l + 13 = -5*o. Suppose g + 2*q - o = -2*q, 45 = 3*g + 3*q. What is the units digit of g?
0
Let v(b) = -2*b - 12. Let z be v(-11). What is the tens digit of (2 - 7)*(-66)/z?
3
Suppose 2*r - 243 + 53 = 0. Let v be 3*(-1 - 3)*3/(-18). Suppose 0 = v*j + 3*j - r. What is the tens digit of j?
1
Let i(k) = -2*k + 4. Let w be 1*4/(4/(-5)). What is the tens digit of i(w)?
1
Let c(l) be the second derivative of l**4/12 + 2*l**3/3 + 5*l**2/2 + 7*l + 3. Suppose 4*i = z - 3, -3*i + 6 = -3*z - 3. What is the units digit of c(z)?
0
Suppose 12 = -4*j - 8. Let a(c) = c**2 + 3*c + 1. What is the tens digit of a(j)?
1
What is the units digit of (0 + -4)*99/(-6)?
6
Let p(o) = o - 5. Let s(m) = 2*m - 5. Let k(a) = 4*p(a) - 3*s(a). Let i be k(-4). What is the units digit of (3/2 - i)*-2?
3
Suppose 0*d - 3*d - 3 = 0. What is the units digit of (-2 + (-8)/2)/d?
6
Let a = -20 - -9. Let y = 8 + a. Let q(p) = -p. What is the units digit of q(y)?
3
Let k be (2/(-4))/((-1)/(-4)). Let n be ((-2)/(-3))/((-10)/15). What is the units digit of (5/k)/(n/2)?
5
Suppose -4*h + 60 = 2*w, -3*w - 39 = 5*h - 127. Suppose 2*f = 4*f - w. What is the tens digit of f?
1
What is the units digit of (-534)/(-27) - 4/(-18)?
0
Let u = -3 - -6. What is the units digit of 2/(-3) + 29/u?
9
Suppose 2*q - 7 = -a, 3*a = 7*a + 4*q - 28. Suppose 0 = -g + 1 - 3, g = 5*k - a. What is the units digit of k?
1
Let j = -21 - -14. Let l = 16 - j. What is the tens digit of l?
2
Suppose 4*j = 7*j + 5*a - 1020, -9 = 3*a. What is the units digit of j?
5
Let u be (1/2)/((-3)/6). Let d = -1 - u. Suppose 3*n - 6*n - 3*s + 12 = d, 0 = n + 5*s - 16. What is the units digit of n?
1
Let k(h) = -h**2 + 18*h + 21. Let z be k(19). Let r = 62 - z. What is the tens digit of r?
